{"id":2718,"date":"2024-07-01T12:45:28","date_gmt":"2024-07-01T10:45:28","guid":{"rendered":"https:\/\/zik.stronazen.pl\/?page_id=2718"},"modified":"2024-07-01T12:58:29","modified_gmt":"2024-07-01T10:58:29","slug":"podlaczenie-do-sieci-wodociagowej-kanalizacyjnej-krok-po-kroku","status":"publish","type":"page","link":"https:\/\/zik.stronazen.pl\/?page_id=2718","title":{"rendered":"Pod\u0142\u0105czenie do sieci wodoci\u0105gowej kanalizacyjnej krok po kroku."},"content":{"rendered":"\t\t<div data-elementor-type=\"wp-page\" data-elementor-id=\"2718\" class=\"elementor elementor-2718\">\n\t\t\t\t\t\t\t\t\t<section class=\"elementor-section elementor-top-section elementor-element elementor-element-9660e0c elementor-section-boxed elementor-section-height-default elementor-section-height-default\" data-id=\"9660e0c\" data-element_type=\"section\">\n\t\t\t\t\t\t<div class=\"elementor-container elementor-column-gap-default\">\n\t\t\t\t\t<div class=\"elementor-column elementor-col-100 elementor-top-column elementor-element elementor-element-8a76b31\" data-id=\"8a76b31\" data-element_type=\"column\">\n\t\t\t<div class=\"elementor-widget-wrap elementor-element-populated\">\n\t\t\t\t\t\t\t\t<div class=\"elementor-element elementor-element-bee814d elementor-widget elementor-widget-heading\" data-id=\"bee814d\" data-element_type=\"widget\" data-widget_type=\"heading.default\">\n\t\t\t\t<div class=\"elementor-widget-container\">\n\t\t\t<style>\/*! elementor - v3.11.2 - 22-02-2023 *\/\n.elementor-heading-title{padding:0;margin:0;line-height:1}.elementor-widget-heading .elementor-heading-title[class*=elementor-size-]>a{color:inherit;font-size:inherit;line-height:inherit}.elementor-widget-heading .elementor-heading-title.elementor-size-small{font-size:15px}.elementor-widget-heading .elementor-heading-title.elementor-size-medium{font-size:19px}.elementor-widget-heading .elementor-heading-title.elementor-size-large{font-size:29px}.elementor-widget-heading .elementor-heading-title.elementor-size-xl{font-size:39px}.elementor-widget-heading .elementor-heading-title.elementor-size-xxl{font-size:59px}<\/style><h2 class=\"elementor-heading-title elementor-size-default\"><br>Pod\u0142\u0105czenie nieruchomo\u015bci do sieci wodoci\u0105gowej i kanalizacji sanitarnej.<\/h2>\t\t<\/div>\n\t\t\t\t<\/div>\n\t\t\t\t<div class=\"elementor-element elementor-element-63f41e4 elementor-widget elementor-widget-text-editor\" data-id=\"63f41e4\" data-element_type=\"widget\" data-widget_type=\"text-editor.default\">\n\t\t\t\t<div class=\"elementor-widget-container\">\n\t\t\t<style>\/*! elementor - v3.11.2 - 22-02-2023 *\/\n.elementor-widget-text-editor.elementor-drop-cap-view-stacked .elementor-drop-cap{background-color:#818a91;color:#fff}.elementor-widget-text-editor.elementor-drop-cap-view-framed .elementor-drop-cap{color:#818a91;border:3px solid;background-color:transparent}.elementor-widget-text-editor:not(.elementor-drop-cap-view-default) .elementor-drop-cap{margin-top:8px}.elementor-widget-text-editor:not(.elementor-drop-cap-view-default) .elementor-drop-cap-letter{width:1em;height:1em}.elementor-widget-text-editor .elementor-drop-cap{float:left;text-align:center;line-height:1;font-size:50px}.elementor-widget-text-editor .elementor-drop-cap-letter{display:inline-block}<\/style>\t\t\t\t<p><strong>Planuj\u0105c budow\u0119 domu nie mo\u017cesz zapomnie\u0107 o doprowadzeniu na dzia\u0142k\u0119 wszystkich potrzebnych medi\u00f3w. W\u015br\u00f3d nich znajduje si\u0119 woda i spos\u00f3b jej odprowadzania, z kt\u00f3rej korzysta si\u0119 ka\u017cdego dnia.<\/strong><\/p><h6><strong>Jak wykona\u0107 przy\u0142\u0105cze wodoci\u0105gowe i kanalizacyjne w domu jednorodzinnym?\u00a0<\/strong><\/h6><h6><strong>Oto najwa\u017cniejsze informacje!<\/strong><\/h6>\t\t\t\t\t\t<\/div>\n\t\t\t\t<\/div>\n\t\t\t\t<div class=\"elementor-element elementor-element-868da0f elementor-widget elementor-widget-text-editor\" data-id=\"868da0f\" data-element_type=\"widget\" data-widget_type=\"text-editor.default\">\n\t\t\t\t<div class=\"elementor-widget-container\">\n\t\t\t\t\t\t\t<h5><strong><u>KROK 0<\/u><\/strong><\/h5>\n<h5><strong>Uzyskanie informacji technicznej o mo\u017cliwo\u015bci przy\u0142\u0105czenia do sieci wodoci\u0105gowej i\/lub kanalizacyjnej.<\/strong><\/h5>\t\t\t\t\t\t<\/div>\n\t\t\t\t<\/div>\n\t\t\t\t<div class=\"elementor-element elementor-element-353561d elementor-widget elementor-widget-text-editor\" data-id=\"353561d\" data-element_type=\"widget\" data-widget_type=\"text-editor.default\">\n\t\t\t\t<div class=\"elementor-widget-container\">\n\t\t\t\t\t\t\tKrok ten pozwoli na uzyskanie informacji, czy nieruchomo\u015b\u0107 mo\u017ce by\u0107 pod\u0142\u0105czona do sieci. W przypadku gdy nie masz pewno\u015bci czy dany obszar obj\u0119ty inwestycj\u0105 jest zwodoci\u0105gowany czy te\u017c skanalizowany \u2013 z\u0142\u00f3\u017c <a href=\"http:\/\/zik.stronazen.pl\/wp-content\/uploads\/2023\/03\/1.1.-Wniosek-o-zapewnienie-mozliwosci-przylaczenia-nieruchomosci-do-sieci.pdf\" target=\"_blank\" rel=\"noopener\">wniosek o zapewnienie mo\u017cliwo\u015b\u0107 przy\u0142\u0105czenia nieruchomo\u015bci do sieci.<\/a>\t\t\t\t\t\t<\/div>\n\t\t\t\t<\/div>\n\t\t\t\t<div class=\"elementor-element elementor-element-9c72249 elementor-widget elementor-widget-text-editor\" data-id=\"9c72249\" data-element_type=\"widget\" data-widget_type=\"text-editor.default\">\n\t\t\t\t<div class=\"elementor-widget-container\">\n\t\t\t\t\t\t\t<h5><strong><u>KROK 1<\/u><\/strong><\/h5>\n<h5><strong>Z\u0142\u00f3\u017c wniosek o warunki techniczne przy\u0142\u0105czenia do sieci wodoci\u0105gowej i\/lub kanalizacyjnej.<\/strong><\/h5>\t\t\t\t\t\t<\/div>\n\t\t\t\t<\/div>\n\t\t\t\t<div class=\"elementor-element elementor-element-0ee9b84 elementor-widget elementor-widget-text-editor\" data-id=\"0ee9b84\" data-element_type=\"widget\" data-widget_type=\"text-editor.default\">\n\t\t\t\t<div class=\"elementor-widget-container\">\n\t\t\t\t\t\t\t<p><strong>Aby przy\u0142\u0105czy\u0107 si\u0119 do&nbsp;sieci wodoci\u0105gowej i&nbsp;kanalizacji nale\u017cy:<\/strong><\/p>\n<p>Dostarczy\u0107 do&nbsp;ZIK Sp. z o.o. wype\u0142niony <a href=\"http:\/\/zik.stronazen.pl\/wp-content\/uploads\/2023\/03\/1.2.-Wniosek-o-przylaczenie-do-sieci.pdf\" target=\"_blank\" rel=\"noopener\">wniosek o&nbsp;przy\u0142\u0105czenie do&nbsp;sieci wodoci\u0105gowej, sieci kanalizacji sanitarnej i\/lub deszczowej.<\/a><\/p>\n<p>Wniosek mo\u017cna z\u0142o\u017cy\u0107:<\/p>\n<ul>\n<li>osobi\u015bcie w siedzibie sp\u00f3\u0142ki \u2013 pok\u00f3j nr 1, sekretariat,<\/li>\n<li>drog\u0105 pocztow\u0105 na&nbsp;adres: Zak\u0142ad In\u017cynierii Komunalnej Sp. z o.o. w Trzciance, ul. Stefana \u017beromskiego 15, 64-980 Trzcianka.<\/li>\n<\/ul>\n<p>Do wniosku nale\u017cy za\u0142\u0105czy\u0107:<\/p>\n<ul>\n<li>aktualn\u0105 map\u0119 do&nbsp;cel\u00f3w projektowych,<\/li>\n<li>dokument potwierdzaj\u0105cy tytu\u0142 prawny do korzystania z nieruchomo\u015bci (wypis z rejestru grunt\u00f3w, wypis z ksi\u0119gi wieczystej, akt notarialny) lub&nbsp;&nbsp;&nbsp;&nbsp;&nbsp;&nbsp;&nbsp; w przypadku os\u00f3b fizycznych o\u015bwiadczenie o posiadanym prawie do dysponowania nieruchomo\u015bci\u0105.<\/li>\n<\/ul>\n<p><strong>Termin wydania przez&nbsp; ZIK Sp. z o.o. warunk\u00f3w przy\u0142\u0105czenia do sieci wodoci\u0105gowo-kanalizacyjnej wynosi:<\/strong><\/p>\n<ul>\n<li><strong>21 dni &#8211;<\/strong> od dnia z\u0142o\u017cenia wniosku o wydanie warunk\u00f3w przy\u0142\u0105czenia do sieci, w przypadku budynk\u00f3w mieszkalnych jednorodzinnych, w tym znajduj\u0105cych si\u0119 w zabudowie zagrodowej;<\/li>\n<li><strong>45 dni &#8211;<\/strong> od dnia z\u0142o\u017cenia wniosku o wydanie warunk\u00f3w przy\u0142\u0105czenia do sieci, w pozosta\u0142ych przypadkach.<\/li>\n<\/ul>\n<p>W szczeg\u00f3lnie uzasadnionych przypadkach przedsi\u0119biorstwo wodoci\u0105gowo-kanalizacyjne mo\u017ce przed\u0142u\u017cy\u0107 terminy okre\u015blone odpowiednio o kolejne 21 dni&nbsp;&nbsp;&nbsp; i 45 dni, po uprzednim zawiadomieniu podmiotu ubiegaj\u0105cego si\u0119 o przy\u0142\u0105czenie do sieci z podaniem uzasadnienia przyczyn tego przed\u0142u\u017cenia.<\/p><p><span style=\"color: var( --e-global-color-text ); font-size: 1rem;\">Do termin\u00f3w okre\u015blonych powy\u017cej nie wlicza si\u0119 termin\u00f3w przewidzianych w przepisach prawa do dokonania okre\u015blonych czynno\u015bci, termin\u00f3w na uzupe\u0142nienie wniosku o wydanie warunk\u00f3w przy\u0142\u0105czenia do sieci, okres\u00f3w innych op\u00f3\u017anie\u0144 spowodowanych z winy podmiotu wnioskuj\u0105cego o przy\u0142\u0105czenie do sieci albo z przyczyn niezale\u017cnych od przedsi\u0119biorstwa wodoci\u0105gowo-kanalizacyjnego.<\/span><\/p><p><strong style=\"color: var( --e-global-color-text ); font-size: 1rem;\">Organ regulacyjny<\/strong><span style=\"color: var( --e-global-color-text ); font-size: 1rem;\"> \u2013 Dyrektor Regionalnego Zarz\u0105du Gospodarki Wodnej Pa\u0144stwowego Gospodarstwa Wodnego Wody Polskie w Bydgoszczy rozstrzyga, na wniosek strony, w drodze decyzji, spory w sprawach odmowy przy\u0142\u0105czenia do sieci (art. 27e ust. 1 pkt 2 Ustawy o zbiorowym zaopatrzeniu w wod\u0119 &nbsp; &nbsp; &nbsp; &nbsp; &nbsp; &nbsp; &nbsp; &nbsp; &nbsp; &nbsp;&nbsp; i zbiorowym odprowadzaniu \u015bciek\u00f3w).<\/span><\/p><p><strong style=\"color: var( --e-global-color-text ); font-size: 1rem;\">Us\u0142uga wydania warunk\u00f3w przy\u0142\u0105czenia do&nbsp;istniej\u0105cej sieci wodoci\u0105gowej i&nbsp;kanalizacji sanitarnej\/og\u00f3lnosp\u0142awnej jest bezp\u0142atna.<\/strong><\/p>\t\t\t\t\t\t<\/div>\n\t\t\t\t<\/div>\n\t\t\t\t<div class=\"elementor-element elementor-element-f962804 elementor-widget elementor-widget-text-editor\" data-id=\"f962804\" data-element_type=\"widget\" data-widget_type=\"text-editor.default\">\n\t\t\t\t<div class=\"elementor-widget-container\">\n\t\t\t\t\t\t\t<h5><strong><u>KROK 2<\/u><\/strong><\/h5>\n<h5><strong>Wykonanie projektu.<\/strong><\/h5>\t\t\t\t\t\t<\/div>\n\t\t\t\t<\/div>\n\t\t\t\t<div class=\"elementor-element elementor-element-7616912 elementor-widget elementor-widget-text-editor\" data-id=\"7616912\" data-element_type=\"widget\" data-widget_type=\"text-editor.default\">\n\t\t\t\t<div class=\"elementor-widget-container\">\n\t\t\t\t\t\t\tNa postawie wydanych <strong>warunk\u00f3w przy\u0142\u0105czenia do sieci, <\/strong>nale\u017cy zleci\u0107 projektantowi z\u00a0odpowiednimi uprawnieniami wykonanie dokumentacji technicznej przy\u0142\u0105cza wodoci\u0105gowego i lub kanalizacyjnego.\t\t\t\t\t\t<\/div>\n\t\t\t\t<\/div>\n\t\t\t\t<div class=\"elementor-element elementor-element-f8728e8 elementor-widget elementor-widget-text-editor\" data-id=\"f8728e8\" data-element_type=\"widget\" data-widget_type=\"text-editor.default\">\n\t\t\t\t<div class=\"elementor-widget-container\">\n\t\t\t\t\t\t\t<h4><strong><u>KROK 3<\/u><\/strong><\/h4>\n<h5><strong>Uzgodnienie projektu.<\/strong><\/h5>\t\t\t\t\t\t<\/div>\n\t\t\t\t<\/div>\n\t\t\t\t<div class=\"elementor-element elementor-element-4a50b6a elementor-widget elementor-widget-text-editor\" data-id=\"4a50b6a\" data-element_type=\"widget\" data-widget_type=\"text-editor.default\">\n\t\t\t\t<div class=\"elementor-widget-container\">\n\t\t\t\t\t\t\tOpracowan\u0105 dokumentacj\u0119 techniczn\u0105 przy\u0142\u0105cza\/y nale\u017cy uzgodni\u0107 w ZIK Sp. z o.o. w tym celu,\u00a0 nale\u017cy z\u0142o\u017cy\u0107:\n<ul>\n \t<li><a href=\"http:\/\/zik.stronazen.pl\/wp-content\/uploads\/2023\/03\/1.3.-Wniosek-o-uzgodnienie-dokumentacji-projektowej..pdf\" target=\"_blank\" rel=\"noopener\">wniosek o uzgodnienie dokumentacji technicznej przy\u0142\u0105cza wodoci\u0105gowego i\/lub kanalizacyjnego,<\/a><\/li>\n \t<li>3 egzemplarze dokumentacji technicznej przy\u0142\u0105cza wodoci\u0105gowego i\/lub kanalizacyjnego.<\/li>\n<\/ul>\t\t\t\t\t\t<\/div>\n\t\t\t\t<\/div>\n\t\t\t\t<div class=\"elementor-element elementor-element-edb5f3c elementor-widget elementor-widget-text-editor\" data-id=\"edb5f3c\" data-element_type=\"widget\" data-widget_type=\"text-editor.default\">\n\t\t\t\t<div class=\"elementor-widget-container\">\n\t\t\t\t\t\t\t<h5><strong><u>KROK 4<\/u><\/strong><\/h5>\n<h5><strong>Zg\u0142oszenie zamiaru realizacji.<\/strong><\/h5>\t\t\t\t\t\t<\/div>\n\t\t\t\t<\/div>\n\t\t\t\t<div class=\"elementor-element elementor-element-c4c930c elementor-widget elementor-widget-text-editor\" data-id=\"c4c930c\" data-element_type=\"widget\" data-widget_type=\"text-editor.default\">\n\t\t\t\t<div class=\"elementor-widget-container\">\n\t\t\t\t\t\t\tPo za\u0142atwieniu wszystkich formalno\u015bci mo\u017cna przyst\u0105pi\u0107 do kolejnego etapu, czyli do budowy przy\u0142\u0105cza wodoci\u0105gowego i\/lub kanalizacyjnego.\n\nNa pocz\u0105tku konieczne jest zg\u0142oszenie zamiaru rozpocz\u0119cia budowy przy\u0142\u0105cza. W tym celu nale\u017cy przekaza\u0107 do przedsi\u0119biorstwa <strong>na minimum 7 dni przed terminem <\/strong>rozpocz\u0119cia prac wniosek \u2013 <a href=\"http:\/\/zik.stronazen.pl\/wp-content\/uploads\/2023\/03\/1.4.-Zawiadomienie-o-rozpoczeciu-robot...pdf\" target=\"_blank\" rel=\"noopener\"><strong>\u201ezawiadomienie o rozpocz\u0119ciu rob\u00f3t\u201d<\/strong><\/a>, wraz z planem sytuacyjnym przy\u0142\u0105cza sporz\u0105dzony na kopii aktualnej mapie zasadniczej lub jednostkowej przyj\u0119tej do Pa\u0144stwowego Zasobu Geodezyjnego w celu zweryfikowania jego zgodno\u015bci ze z\u0142o\u017conym do warunk\u00f3w planem zabudowy\/szkicem sytuacyjnym.\t\t\t\t\t\t<\/div>\n\t\t\t\t<\/div>\n\t\t\t\t<div class=\"elementor-element elementor-element-0757e21 elementor-widget elementor-widget-text-editor\" data-id=\"0757e21\" data-element_type=\"widget\" data-widget_type=\"text-editor.default\">\n\t\t\t\t<div class=\"elementor-widget-container\">\n\t\t\t\t\t\t\t<h5><strong><u>KROK 5<\/u><\/strong><\/h5>\n<h5><strong>Potwierdzenie wykonania przy\u0142\u0105cza.<\/strong><\/h5>\t\t\t\t\t\t<\/div>\n\t\t\t\t<\/div>\n\t\t\t\t<div class=\"elementor-element elementor-element-787e965 elementor-widget elementor-widget-text-editor\" data-id=\"787e965\" data-element_type=\"widget\" data-widget_type=\"text-editor.default\">\n\t\t\t\t<div class=\"elementor-widget-container\">\n\t\t\t\t\t\t\t<p><strong>Budowa przy\u0142\u0105cza odbywa si\u0119 pod \u015bcis\u0142ym nadzorem przedsi\u0119biorstwa wodoci\u0105gowo-kanalizacyjnego.<\/strong> W celu potwierdzenia prawid\u0142owego wykonania przy\u0142\u0105cza, w trakcie trwania prac budowy przy\u0142\u0105cza <strong>(przed zasypaniem)<\/strong>, nale\u017cy skontaktowa\u0107 si\u0119 z pracownikiem dzia\u0142u technicznego pod nr.:<\/p><ul><li>stacjonarnym: +48 67\u00a0216 83 08 wew. 102,<\/li><li>tel. kom.: +48 607 053 297,<\/li><\/ul><p>osoba do kontaktu: Miros\u0142aw Ko\u0144czak \u2013 kierownik dzia\u0142u techniczno-inwestycyjnego.<\/p><p>W celu wydania za\u015bwiadczenia o zgodno\u015bci wykonania przy\u0142\u0105cza wodoci\u0105gowego i lub kanalizacyjnego, z\u0142\u00f3\u017c <a href=\"http:\/\/zik.stronazen.pl\/wp-content\/uploads\/2023\/03\/1.5.-Wniosek-o-wydanie-opinii-o-zgodnosci-wykonania-przylacza-wodociagowego-kanalizacyjnego.pdf\">wniosek o wydanie opinii o zgodno\u015bci wykonanego przy\u0142\u0105cza wodoci\u0105gowego i\/lub kanalizacyjnego<\/a><strong>. <\/strong>Do wniosku nale\u017cy za\u0142\u0105czy\u0107:<\/p><ul><li>map\u0119 powykonawcza (inwentaryzacja budynku i instalacji),<\/li><li>protok\u00f3\u0142 odbioru rob\u00f3t,<\/li><li>projekt techniczny przy\u0142\u0105cza wod \u2013 kan.<\/li><\/ul>\t\t\t\t\t\t<\/div>\n\t\t\t\t<\/div>\n\t\t\t\t\t<\/div>\n\t\t<\/div>\n\t\t\t\t\t\t\t<\/div>\n\t\t<\/section>\n\t\t\t\t<section class=\"elementor-section elementor-top-section elementor-element elementor-element-887d9c8 elementor-section-boxed elementor-section-height-default elementor-section-height-default\" data-id=\"887d9c8\" data-element_type=\"section\">\n\t\t\t\t\t\t<div class=\"elementor-container elementor-column-gap-default\">\n\t\t\t\t\t<div class=\"elementor-column elementor-col-100 elementor-top-column elementor-element elementor-element-f273718\" data-id=\"f273718\" data-element_type=\"column\">\n\t\t\t<div class=\"elementor-widget-wrap elementor-element-populated\">\n\t\t\t\t\t\t\t\t<div class=\"elementor-element elementor-element-aab4c8f elementor-widget elementor-widget-heading\" data-id=\"aab4c8f\" data-element_type=\"widget\" data-widget_type=\"heading.default\">\n\t\t\t\t<div class=\"elementor-widget-container\">\n\t\t\t<h2 class=\"elementor-heading-title elementor-size-default\">N I E&nbsp;  Z A P O M&nbsp; N I J&nbsp;&nbsp;  O&nbsp; &nbsp; O S T A T N I M&nbsp;&nbsp;&nbsp;E L E M E N C I E !!! <\/h2>\t\t<\/div>\n\t\t\t\t<\/div>\n\t\t\t\t<div class=\"elementor-element elementor-element-011fed7 elementor-widget elementor-widget-text-editor\" data-id=\"011fed7\" data-element_type=\"widget\" data-widget_type=\"text-editor.default\">\n\t\t\t\t<div class=\"elementor-widget-container\">\n\t\t\t\t\t\t\t<h5><strong><u>KROK 6 <\/u><\/strong><\/h5>\n<h5><strong>Podpisanie umowy z dostawc\u0105 wody.<\/strong><\/h5>\t\t\t\t\t\t<\/div>\n\t\t\t\t<\/div>\n\t\t\t\t<div class=\"elementor-element elementor-element-fec828e elementor-widget elementor-widget-text-editor\" data-id=\"fec828e\" data-element_type=\"widget\" data-widget_type=\"text-editor.default\">\n\t\t\t\t<div class=\"elementor-widget-container\">\n\t\t\t\t\t\t\tAby zacz\u0105\u0107 korzysta\u0107 z wody dostarczanej z wodoci\u0105gu, czy te\u017c odprowadza\u0107 nieczysto\u015bci do zbiorczego systemu kanalizacyjnego, konieczne jest podpisanie umowy z dostawc\u0105 \u2013 przedsi\u0119biorstwem wodoci\u0105gowo-kanalizacyjnym.\n\n<strong>Do podpisania umowy nale\u017cy z\u0142o\u017cy\u0107:<\/strong>\n<ul>\n \t<li><a href=\"http:\/\/zik.trzcianka.com.pl\/wp-content\/uploads\/2023\/03\/2.1.-Wniosek-o-zawarcie-umowy-o-zaopatrzenie-w-wode-i-lub-odprowadzanie-sciekow..pdf\" target=\"_blank\" rel=\"noopener\">wniosek o zawarcie umowy o zaopatrzenie w wod\u0119 i\/lub odprowadzanie \u015bciek\u00f3w,<\/a><\/li>\n \t<li><a href=\"http:\/\/zik.trzcianka.com.pl\/wp-content\/uploads\/2023\/03\/2.5.-Zlecenie-zamontowania-wymiany-demontazu-instalacji-wodomierzowej-udroznienie-kanalizacji-sanitarnej.pdf\" target=\"_blank\" rel=\"noopener\">zlecenie monta\u017cu wodomierza g\u0142\u00f3wnego.<\/a><\/li>\n<\/ul>\n<strong>Dokumenty mo\u017cna z\u0142o\u017cy\u0107:<\/strong>\n<ul>\n \t<li>osobi\u015bcie w siedzibie sp\u00f3\u0142ki \u2013 pok\u00f3j nr 9, dzia\u0142 obs\u0142ugi klienta,<\/li>\n \t<li>drog\u0105 pocztow\u0105 na\u00a0adres: Zak\u0142ad In\u017cynierii Komunalnej Sp. z o.o. w Trzciance, ul. Stefana \u017beromskiego 15, 64-980 Trzcianka.<\/li>\n<\/ul>\t\t\t\t\t\t<\/div>\n\t\t\t\t<\/div>\n\t\t\t\t\t<\/div>\n\t\t<\/div>\n\t\t\t\t\t\t\t<\/div>\n\t\t<\/section>\n\t\t\t\t\t\t\t<\/div>\n\t\t","protected":false},"excerpt":{"rendered":"<p>Pod\u0142\u0105czenie nieruchomo\u015bci do sieci wodoci\u0105gowej i kanalizacji sanitarnej. Planuj\u0105c budow\u0119 domu nie mo\u017cesz zapomnie\u0107 o doprowadzeniu na dzia\u0142k\u0119 wszystkich potrzebnych medi\u00f3w. W\u015br\u00f3d nich znajduje si\u0119 woda i spos\u00f3b jej odprowadzania, z kt\u00f3rej korzysta si\u0119 ka\u017cdego dnia. Jak wykona\u0107 przy\u0142\u0105cze wodoci\u0105gowe i kanalizacyjne w domu jednorodzinnym?\u00a0 Oto najwa\u017cniejsze informacje! KROK 0 Uzyskanie informacji technicznej o mo\u017cliwo\u015bci [&hellip;]<\/p>\n","protected":false},"author":1,"featured_media":0,"parent":0,"menu_order":0,"comment_status":"closed","ping_status":"closed","template":"","meta":{"_eb_attr":"","_joinchat":[],"footnotes":""},"_links":{"self":[{"href":"https:\/\/zik.stronazen.pl\/index.php?rest_route=\/wp\/v2\/pages\/2718"}],"collection":[{"href":"https:\/\/zik.stronazen.pl\/index.php?rest_route=\/wp\/v2\/pages"}],"about":[{"href":"https:\/\/zik.stronazen.pl\/index.php?rest_route=\/wp\/v2\/types\/page"}],"author":[{"embeddable":true,"href":"https:\/\/zik.stronazen.pl\/index.php?rest_route=\/wp\/v2\/users\/1"}],"replies":[{"embeddable":true,"href":"https:\/\/zik.stronazen.pl\/index.php?rest_route=%2Fwp%2Fv2%2Fcomments&post=2718"}],"version-history":[{"count":16,"href":"https:\/\/zik.stronazen.pl\/index.php?rest_route=\/wp\/v2\/pages\/2718\/revisions"}],"predecessor-version":[{"id":2735,"href":"https:\/\/zik.stronazen.pl\/index.php?rest_route=\/wp\/v2\/pages\/2718\/revisions\/2735"}],"wp:attachment":[{"href":"https:\/\/zik.stronazen.pl\/index.php?rest_route=%2Fwp%2Fv2%2Fmedia&parent=2718"}],"curies":[{"name":"wp","href":"https:\/\/api.w.org\/{rel}","templated":true}]}}